{"id":5,"date":"2021-04-25T08:23:47","date_gmt":"2021-04-25T08:23:47","guid":{"rendered":"http:\/\/s522784910.online.de\/willkommen-auf-http-s522784910-online-de"},"modified":"2025-09-10T11:51:57","modified_gmt":"2025-09-10T11:51:57","slug":"home","status":"publish","type":"page","link":"https:\/\/atb-heuchelheim.de\/","title":{"rendered":"Home"},"content":{"rendered":"\n<p>Herzlich Willkommen beim ATB 1900 e.V. Heuchelheim &#8211; dem Erlebnisverein in Heuchelheim bei Frankenthal! Bei uns ist f\u00fcr jeden etwas dabei: von Leichtathletik, Fitness, Ballsport &#8211; unsere Gruppen freuen sich \u00fcber jedes neue Gesicht. Kommen Sie einfach vorbei!<\/p>\n\n\n\n<p>Wir freuen uns auf Sie und Euch!<\/p>\n\n\n\n<p><\/p>\n\n\n\n<p class=\"has-vivid-red-color has-text-color has-link-color has-large-font-size wp-elements-3459f05249be131238dee4797a2ac4e6\"><strong>Vielen Dank f\u00fcr Ihren Besuch  <\/strong><\/p>\n\n\n\n<figure class=\"wp-block-image size-full is-style-default\"><img loading=\"lazy\" decoding=\"async\" width=\"874\" height=\"1240\" src=\"https:\/\/atb-heuchelheim.de\/wp-content\/uploads\/2025\/05\/DIN-A-4_ATB-Heuchelheim_125Jahre.jpg\" alt=\"\" class=\"wp-image-512\" srcset=\"https:\/\/atb-heuchelheim.de\/wp-content\/uploads\/2025\/05\/DIN-A-4_ATB-Heuchelheim_125Jahre.jpg 874w, https:\/\/atb-heuchelheim.de\/wp-content\/uploads\/2025\/05\/DIN-A-4_ATB-Heuchelheim_125Jahre-211x300.jpg 211w, https:\/\/atb-heuchelheim.de\/wp-content\/uploads\/2025\/05\/DIN-A-4_ATB-Heuchelheim_125Jahre-722x1024.jpg 722w, https:\/\/atb-heuchelheim.de\/wp-content\/uploads\/2025\/05\/DIN-A-4_ATB-Heuchelheim_125Jahre-768x1090.jpg 768w, https:\/\/atb-heuchelheim.de\/wp-content\/uploads\/2025\/05\/DIN-A-4_ATB-Heuchelheim_125Jahre-300x426.jpg 300w, https:\/\/atb-heuchelheim.de\/wp-content\/uploads\/2025\/05\/DIN-A-4_ATB-Heuchelheim_125Jahre-850x1206.jpg 850w\" sizes=\"auto, (max-width: 874px) 100vw, 874px\" \/><\/figure>\n\n\n\n<p class=\"has-luminous-vivid-amber-color has-text-color has-link-color has-medium-font-size wp-elements-25de63ee0a867ec7023ac6d828ad9b2a\"><\/p>\n\n\n\n<ul class=\"wp-block-list\">\n<li><\/li>\n<\/ul>\n","protected":false},"excerpt":{"rendered":"<p>Herzlich Willkommen beim ATB 1900 e.V. Heuchelheim &#8211; dem Erlebnisverein in Heuchelheim bei Frankenthal! Bei uns ist f\u00fcr jeden etwas dabei: von Leichtathletik, Fitness, Ballsport &#8211; unsere Gruppen freuen sich \u00fcber jedes neue Gesicht. Kommen Sie einfach vorbei! Wir freuen uns auf Sie und Euch! Vielen Dank f\u00fcr Ihren Besuch<\/p>\n","protected":false},"author":1,"featured_media":0,"parent":0,"menu_order":0,"comment_status":"closed","ping_status":"closed","template":"templates\/full-width.php","meta":{"ngg_post_thumbnail":0,"footnotes":""},"class_list":["post-5","page","type-page","status-publish","hentry"],"_links":{"self":[{"href":"https:\/\/atb-heuchelheim.de\/index.php?rest_route=\/wp\/v2\/pages\/5","targetHints":{"allow":["GET"]}}],"collection":[{"href":"https:\/\/atb-heuchelheim.de\/index.php?rest_route=\/wp\/v2\/pages"}],"about":[{"href":"https:\/\/atb-heuchelheim.de\/index.php?rest_route=\/wp\/v2\/types\/page"}],"author":[{"embeddable":true,"href":"https:\/\/atb-heuchelheim.de\/index.php?rest_route=\/wp\/v2\/users\/1"}],"replies":[{"embeddable":true,"href":"https:\/\/atb-heuchelheim.de\/index.php?rest_route=%2Fwp%2Fv2%2Fcomments&post=5"}],"version-history":[{"count":15,"href":"https:\/\/atb-heuchelheim.de\/index.php?rest_route=\/wp\/v2\/pages\/5\/revisions"}],"predecessor-version":[{"id":546,"href":"https:\/\/atb-heuchelheim.de\/index.php?rest_route=\/wp\/v2\/pages\/5\/revisions\/546"}],"wp:attachment":[{"href":"https:\/\/atb-heuchelheim.de\/index.php?rest_route=%2Fwp%2Fv2%2Fmedia&parent=5"}],"curies":[{"name":"wp","href":"https:\/\/api.w.org\/{rel}","templated":true}]}}