{"id":202,"date":"2021-04-28T09:19:39","date_gmt":"2021-04-28T09:19:39","guid":{"rendered":"http:\/\/atb-heuchelheim.de\/?page_id=202"},"modified":"2025-02-04T16:14:26","modified_gmt":"2025-02-04T16:14:26","slug":"vereinsgeschichte","status":"publish","type":"page","link":"https:\/\/atb-heuchelheim.de\/?page_id=202","title":{"rendered":"Vereinsgeschichte"},"content":{"rendered":"<style>.wp-block-kadence-spacer.kt-block-spacer-_77ff4f-39 .kt-block-spacer{height:30px;}.wp-block-kadence-spacer.kt-block-spacer-_77ff4f-39 .kt-divider{border-top-width:1px;height:1px;border-top-color:#eee;width:80%;border-top-style:solid;}<\/style>\n<div class=\"wp-block-kadence-spacer aligncenter kt-block-spacer-_77ff4f-39\"><div class=\"kt-block-spacer kt-block-spacer-halign-center\" style=\"height:30px\"><\/div><\/div>\n\n\n<div class=\"wp-block-image\">\n<figure class=\"aligncenter size-large is-resized\"><img loading=\"lazy\" decoding=\"async\" width=\"512\" height=\"512\" src=\"https:\/\/atb-heuchelheim.de\/wp-content\/uploads\/2021\/04\/ATB_Logo-.png\" alt=\"\" class=\"wp-image-29\" style=\"width:163px;height:163px\" srcset=\"https:\/\/atb-heuchelheim.de\/wp-content\/uploads\/2021\/04\/ATB_Logo-.png 512w, https:\/\/atb-heuchelheim.de\/wp-content\/uploads\/2021\/04\/ATB_Logo--300x300.png 300w, https:\/\/atb-heuchelheim.de\/wp-content\/uploads\/2021\/04\/ATB_Logo--150x150.png 150w\" sizes=\"auto, (max-width: 512px) 100vw, 512px\" \/><\/figure>\n<\/div>\n\n\n<p class=\"has-text-align-left\"><strong>Von den Anf\u00e4ngen bis heute &#8211; hier finden Sie die Highlights unserer Vereinsgeschichte in einer ausf\u00fchrlichen Chronik:<\/strong><\/p>\n\n\n<style>.wp-block-kadence-spacer.kt-block-spacer-_77ff4f-39 .kt-block-spacer{height:30px;}.wp-block-kadence-spacer.kt-block-spacer-_77ff4f-39 .kt-divider{border-top-width:1px;height:1px;border-top-color:#eee;width:80%;border-top-style:solid;}<\/style>\n<div class=\"wp-block-kadence-spacer aligncenter kt-block-spacer-_77ff4f-39\"><div class=\"kt-block-spacer kt-block-spacer-halign-center\" style=\"height:30px\"><\/div><\/div>\n\n\n\n<figure class=\"wp-block-table is-style-stripes\"><table><tbody><tr><td>1900<\/td><td>Gr\u00fcndung &#8220;Turnerbund Heuchelheim&#8221; mit den Sportarten Weitsprung, Steinstossen, Hochsprung, Stemmen<\/td><\/tr><tr><td>1903<\/td><td>Einf\u00fchrung Ger\u00e4teturnen<\/td><\/tr><tr><td>1908<\/td><td>Fahnenweihe, Beitritt zum Turngau Donnersberg-Leiningen<\/td><\/tr><tr><td>1920<\/td><td>Turnerbund Heuchelheim Gaumeister im Faustball<\/td><\/tr><tr><td>1922<\/td><td>Gr\u00fcndung der &#8220;Freien Turnerschaft Heuchelheim&#8221;<br>Ab dem Zeitpunkt 2 Turnvereine in Heuchelheim<\/td><\/tr><tr><td>1925<\/td><td>25-j\u00e4hriges Stiftungsfest<\/td><\/tr><tr><td>1928<\/td><td>Gemeinde Heuchelheim \u00fcbergibt je einen Acker auf der Kuhweide f\u00fcr Sportpl\u00e4tze an die Vereine <br>Die Freie Turnerschaft beginnt Handball zu spielen<\/td><\/tr><tr><td>1934<\/td><td>Die Handballmannschaft des &#8220;Turnerbundes Heuchelheim&#8221; wird ungeschlagen Kreismeister<\/td><\/tr><tr><td>1946<\/td><td>Gr\u00fcndung des &#8220;Allgemeinen Sportverein ASV 1946&#8221; in Heuchelheim<br>Handball Kreismeister und Aufstieg in die Landesliga<br>Heuchelheim wurde Hochburg des Handballs<\/td><\/tr><tr><td>1950<\/td><td>Zusammenschluss des ASV mit dem Turnerbund zum &#8220;Allgemeine Turnerbund 1900 Heuchelheim&#8221;<\/td><\/tr><tr><td>1952<\/td><td>Eintragung des Vereins beim Amtsgericht Frankenthal unter dem Vereinsnamen &#8220;Allgemeiner Turnerbund 1900 e.V. Heuchelheim&#8221;<br>Ab da gewaltiger Auftrieb in Leichtathletik, Ger\u00e4teturnen, Handball und Elferrat mit Garde<\/td><\/tr><tr><td>1964-65<\/td><td>Bau des Vereinsheims auf dem Sportgel\u00e4nde<\/td><\/tr><tr><td>1971<\/td><td>Einweihung Kleinfeld mit Flutlichtanlage auf dem Sportgel\u00e4nde<br>Gr\u00fcndung Abteilungen Faustball, Frauengymnastik, Wandern und Turnen f\u00fcr jedermann<\/td><\/tr><tr><td>1980<\/td><td>Fertigstellung der Mehrzweckhalle Heuchelheim durch die Ortsgemeinde. Die Halle steht seitdem dem ATB kostenlos f\u00fcr \u00dcbungs- und Trainingsstunden zur Verf\u00fcgung<br>Gr\u00fcndung der Tischtennisabteilung<\/td><\/tr><tr><td>1981<\/td><td>Umbau Vereinsheim2 Umkleider\u00e4ume, Wasch- und Duschr\u00e4ume, Gymnastikraum, Heizungsanlage, K\u00fcche und Lagerraum<\/td><\/tr><tr><td>1984<\/td><td>Jugend- und Aktivensportfest<\/td><\/tr><tr><td>1985\/86<\/td><td>Handballer Staffelsieger in der Bezirksklasse und Aufstieg in die Verbandsliga<\/td><\/tr><tr><td>1986\/87<\/td><td>m-A-J Handball Staffelsieger der Kreis-Sonderklasse und Aufstieg m-A-J Pfalzliga<\/td><\/tr><tr><td>1988<\/td><td>Vorderer Teil des Vereinsheims durch Brandstiftung am 13.02. v\u00f6llig zerst\u00f6rt<br>Gro\u00dfz\u00fcgiger Wiederaufbau<br>1. Werfertreffen auf dem ATB-Sportgel\u00e4nde<\/td><\/tr><tr><td>1989<\/td><td>Einweihung des wiedererbauten Vereinsheims<\/td><\/tr><tr><td>1993<\/td><td>Erstmals \u00fcber 500 Mitglieder<\/td><\/tr><tr><td>1998<\/td><td>Handballspielgemeinschaft mit TUS Laumersheim wird vom Turnrat abgelehnt, da alle Handballmannschaften sich dagegen ausgesprochen haben<br>1. Mannschaft im Tischtennis schafft Aufstieg in die Bezirksklasse<br>2. Mannschaft im Tischtennis schafft Aufstieg in die Kreisliga<\/td><\/tr><tr><td>2000<\/td><td>Im August feiert der ATB sein 100-j\u00e4hriges Bestehen. Im Festzelt auf dem Sportplatz spielt die Gruppe Grabowsky. Im Oktober feiert der ATB sein 100-j\u00e4hriges Bestehen mit einem gro\u00dfen Festakt in der B\u00fcrgerhalle.<\/td><\/tr><tr><td>2002<\/td><td>Gr\u00fcndung der HSG Eckbachtal, die Handballspielgemeinschaft von TUS Gerolsheim, ATB Heuchelheim und TUS Laumersheim<\/td><\/tr><tr><td>2007<\/td><td>Die Handballabteilung des TSV Freinsheim wird der vierte Partner in der HSG-Eckbachtal.<br>Sanierung des Sportplatzes (Rasenfl\u00e4che, Rundbahn, Hartplatz, Kugelsto\u00df- und Weitsprunganlage)<\/td><\/tr><tr><td>2010<\/td><td>Sanierung des Spielplatzes auf dem Vereinsgel\u00e4nde durch Helfer aus den eigenen Reihen (Finanzierung durch Spenden der &#8220;Ochsewoog&#8221;, der Gemeinde Heuchelheim und MdL Christian Baldauf sowie Vereinsmitteln)<\/td><\/tr><tr><td>2020<\/td><td>Aufl\u00f6sung der Abteilung &#8220;Die Stunzer&#8221;, inkl. aller Garden, Trainer und Helfer; ebenso Aufl\u00f6sung der Gruppe &#8220;Ritmo Palatino&#8221;, der Sambatrommler.<br>Die Aufl\u00f6sung der Strunzer&nbsp;und Sambatrommler war der langen &#8220;Choronazeit&#8221; geschuldet,<br>die keinen geregelten Trainingsbetrieb zugelassen hat und keine Auftritte mehr erm\u00f6glichte.<\/td><\/tr><\/tbody><\/table><\/figure>\n\n\n\n<p>2025  Fest auf dem Sportplatz zur Feier unseres 125-j\u00e4hrigen Bestehens.<\/p>\n\n\n\n<figure class=\"wp-block-image size-large\"><img loading=\"lazy\" decoding=\"async\" width=\"1024\" height=\"375\" src=\"https:\/\/atb-heuchelheim.de\/wp-content\/uploads\/2025\/02\/HEADER-INTERNET-ATB-125-JUBI-LOGO-1-1024x375.jpg\" alt=\"\" class=\"wp-image-499\" srcset=\"https:\/\/atb-heuchelheim.de\/wp-content\/uploads\/2025\/02\/HEADER-INTERNET-ATB-125-JUBI-LOGO-1-1024x375.jpg 1024w, https:\/\/atb-heuchelheim.de\/wp-content\/uploads\/2025\/02\/HEADER-INTERNET-ATB-125-JUBI-LOGO-1-300x110.jpg 300w, https:\/\/atb-heuchelheim.de\/wp-content\/uploads\/2025\/02\/HEADER-INTERNET-ATB-125-JUBI-LOGO-1-768x282.jpg 768w, https:\/\/atb-heuchelheim.de\/wp-content\/uploads\/2025\/02\/HEADER-INTERNET-ATB-125-JUBI-LOGO-1-1536x563.jpg 1536w, https:\/\/atb-heuchelheim.de\/wp-content\/uploads\/2025\/02\/HEADER-INTERNET-ATB-125-JUBI-LOGO-1-2048x751.jpg 2048w, https:\/\/atb-heuchelheim.de\/wp-content\/uploads\/2025\/02\/HEADER-INTERNET-ATB-125-JUBI-LOGO-1-850x312.jpg 850w\" sizes=\"auto, (max-width: 1024px) 100vw, 1024px\" \/><\/figure>\n","protected":false},"excerpt":{"rendered":"<p>Von den Anf\u00e4ngen bis heute &#8211; hier finden Sie die Highlights unserer Vereinsgeschichte in einer ausf\u00fchrlichen Chronik: 1900 Gr\u00fcndung &#8220;Turnerbund Heuchelheim&#8221; mit den Sportarten Weitsprung, Steinstossen, Hochsprung, Stemmen 1903 Einf\u00fchrung Ger\u00e4teturnen 1908 Fahnenweihe, Beitritt zum Turngau Donnersberg-Leiningen 1920 Turnerbund Heuchelheim Gaumeister im Faustball 1922 Gr\u00fcndung der &#8220;Freien Turnerschaft Heuchelheim&#8221;Ab dem Zeitpunkt 2 Turnvereine in Heuchelheim&#8230;<\/p>\n","protected":false},"author":1,"featured_media":0,"parent":79,"menu_order":1,"comment_status":"closed","ping_status":"closed","template":"templates\/full-width.php","meta":{"ngg_post_thumbnail":0,"footnotes":""},"class_list":["post-202","page","type-page","status-publish","hentry"],"_links":{"self":[{"href":"https:\/\/atb-heuchelheim.de\/index.php?rest_route=\/wp\/v2\/pages\/202","targetHints":{"allow":["GET"]}}],"collection":[{"href":"https:\/\/atb-heuchelheim.de\/index.php?rest_route=\/wp\/v2\/pages"}],"about":[{"href":"https:\/\/atb-heuchelheim.de\/index.php?rest_route=\/wp\/v2\/types\/page"}],"author":[{"embeddable":true,"href":"https:\/\/atb-heuchelheim.de\/index.php?rest_route=\/wp\/v2\/users\/1"}],"replies":[{"embeddable":true,"href":"https:\/\/atb-heuchelheim.de\/index.php?rest_route=%2Fwp%2Fv2%2Fcomments&post=202"}],"version-history":[{"count":9,"href":"https:\/\/atb-heuchelheim.de\/index.php?rest_route=\/wp\/v2\/pages\/202\/revisions"}],"predecessor-version":[{"id":500,"href":"https:\/\/atb-heuchelheim.de\/index.php?rest_route=\/wp\/v2\/pages\/202\/revisions\/500"}],"up":[{"embeddable":true,"href":"https:\/\/atb-heuchelheim.de\/index.php?rest_route=\/wp\/v2\/pages\/79"}],"wp:attachment":[{"href":"https:\/\/atb-heuchelheim.de\/index.php?rest_route=%2Fwp%2Fv2%2Fmedia&parent=202"}],"curies":[{"name":"wp","href":"https:\/\/api.w.org\/{rel}","templated":true}]}}