{"id":162,"date":"2021-04-25T13:21:26","date_gmt":"2021-04-25T13:21:26","guid":{"rendered":"http:\/\/s522784910.online.de\/?page_id=162"},"modified":"2024-08-19T11:02:21","modified_gmt":"2024-08-19T11:02:21","slug":"mitglied-werden","status":"publish","type":"page","link":"https:\/\/atb-heuchelheim.de\/?page_id=162","title":{"rendered":"Mitglied werden"},"content":{"rendered":"<style>.wp-block-kadence-spacer.kt-block-spacer-_77ff4f-39 .kt-block-spacer{height:30px;}.wp-block-kadence-spacer.kt-block-spacer-_77ff4f-39 .kt-divider{border-top-width:1px;height:1px;border-top-color:#eee;width:80%;border-top-style:solid;}<\/style>\n<div class=\"wp-block-kadence-spacer aligncenter kt-block-spacer-_77ff4f-39\"><div class=\"kt-block-spacer kt-block-spacer-halign-center\" style=\"height:30px\"><\/div><\/div>\n\n\n\n<h2 class=\"wp-block-heading has-text-color\" style=\"color:#050255\">Werden Sie jetzt Mitglied in unserem Verein!<\/h2>\n\n\n\n<p>Einfach Eintrittsformular herunterladen, ausf\u00fcllen und per Mail an mitgliederverwaltung@atb-heuchelheim.de schicken.<\/p>\n\n\n\n<div class=\"wp-block-buttons is-layout-flex wp-block-buttons-is-layout-flex\">\n<div class=\"wp-block-button\"><a class=\"wp-block-button__link has-background wp-element-button\" href=\"https:\/\/atb-heuchelheim.de\/wp-content\/uploads\/2024\/08\/ATB-Eintrittsvorlage-ab-2024-2-1.pdf\" style=\"background-color:#050255\">Eintrittsformular<\/a><\/div>\n<\/div>\n\n\n\n<figure class=\"wp-block-table\">\n<table class=\"has-subtle-pale-blue-background-color has-background\" style=\"width: 95.1592%; height: 349px;\">\n<tbody>\n<tr style=\"height: 46px;\">\n<td style=\"width: 29.6643%; height: 46px;\"><strong>Beitragss\u00e4tze in \u20ac<\/strong><br>Stand: 01.01.2010<\/td>\n<td style=\"width: 22.3476%; height: 46px;\"><strong>Monatsbeitrag<\/strong><\/td>\n<td style=\"width: 24.477%; height: 46px;\">bei Zahlungsart <br><strong>halbj\u00e4hrlich<\/strong><\/td>\n<td style=\"width: 26.7111%; height: 46px;\">bei Zahlungsart<br><strong>j\u00e4hrlich<\/strong><\/td>\n<\/tr>\n<tr style=\"height: 70px;\">\n<td style=\"width: 29.6643%; height: 70px;\"><strong>Familienbeitrag<\/strong><br>Eltern und Kinder bis 21 Jahre<\/td>\n<td style=\"width: 22.3476%; background-color: #fcfcfc; height: 70px;\">13<\/td>\n<td style=\"width: 24.477%; background-color: #fcfcfc; height: 70px;\">78<\/td>\n<td style=\"width: 26.7111%; background-color: #fcfcfc; height: 70px;\">156<\/td>\n<\/tr>\n<tr style=\"height: 23px;\">\n<td style=\"width: 29.6643%; height: 23px;\"><b>Erwachsene <\/b>ab 22 Jahren<\/td>\n<td style=\"width: 22.3476%; background-color: #fcfcfc; height: 23px;\">6,5<\/td>\n<td style=\"width: 24.477%; background-color: #fcfcfc; height: 23px;\">39<\/td>\n<td style=\"width: 26.7111%; background-color: #fcfcfc; height: 23px;\">78<\/td>\n<\/tr>\n<tr style=\"height: 70px;\">\n<td style=\"width: 29.6643%; height: 70px;\"><b>Kinder, Jugendliche, Sch\u00fcler, Studenten <\/b>bis 21 Jahre<\/td>\n<td style=\"width: 22.3476%; background-color: #fcfcfc; height: 70px;\">4,5<\/td>\n<td style=\"width: 24.477%; background-color: #fcfcfc; height: 70px;\">27<\/td>\n<td style=\"width: 26.7111%; background-color: #fcfcfc; height: 70px;\">54<\/td>\n<\/tr>\n<tr style=\"height: 117px;\">\n<td style=\"width: 29.6643%; height: 117px;\"><strong>Arbeitslose, HartzIV-Empf\u00e4nger, B\u00fcrgergeldempf\u00e4nger, Schwerbehinderte (ab 50 %)*<\/strong><\/td>\n<td style=\"width: 22.3476%; background-color: #fcfcfc; height: 117px;\">3<\/td>\n<td style=\"width: 24.477%; background-color: #fcfcfc; height: 117px;\">18<\/td>\n<td style=\"width: 26.7111%; background-color: #fcfcfc; height: 117px;\">36<\/td>\n<\/tr>\n<tr style=\"height: 23px;\">\n<td style=\"width: 29.6643%; height: 23px;\"><strong>Rentner**<\/strong><\/td>\n<td style=\"width: 22.3476%; background-color: #fcfcfc; height: 23px;\">4,5<\/td>\n<td style=\"width: 24.477%; background-color: #fcfcfc; height: 23px;\">27<\/td>\n<td style=\"width: 26.7111%; background-color: #fcfcfc; height: 23px;\">54<\/td>\n<\/tr>\n<\/tbody>\n<\/table>\n<\/figure>\n\n\n\n<p>*Die betreffenden Mitglieder m\u00fcssen den &#8220;Sonderstatus&#8221; an die Mitgliederverwaltung oder den 1.\/2. Vorsitzenden melden. Ohne Meldung der Mitglieder werden die allgemein g\u00fcltigen Beitr\u00e4ge gefordert. **Die Umstellung der Mitglieder zum Rentnerbeitrag erfolgt nur auf Meldung der Betroffenen an die Mitgliederverwaltung oder den 1.\/2. Vorsitzendes. <\/p>\n\n\n\n<p>\u00c4nderungen der Mitgliederdaten sollten zur Erledigung mindestens 6 Wochen vor dem Halbjahres- oder Jahresabschluss erfolgen.<\/p>\n\n\n\n<p>Die Vereinssatzung ist beim Vorstand oder \u00fcber den \u00dcbungsleiter einzusehen, nach Eintritt in den Verein wird diese auf Verlangen ausgeh\u00e4ndigt.<\/p>\n","protected":false},"excerpt":{"rendered":"<p>Werden Sie jetzt Mitglied in unserem Verein! Einfach Eintrittsformular herunterladen, ausf\u00fcllen und per Mail an mitgliederverwaltung@atb-heuchelheim.de schicken. Beitragss\u00e4tze in \u20acStand: 01.01.2010 Monatsbeitrag bei Zahlungsart halbj\u00e4hrlich bei Zahlungsartj\u00e4hrlich FamilienbeitragEltern und Kinder bis 21 Jahre 13 78 156 Erwachsene ab 22 Jahren 6,5 39 78 Kinder, Jugendliche, Sch\u00fcler, Studenten bis 21 Jahre 4,5 27 54 Arbeitslose, HartzIV-Empf\u00e4nger,&#8230;<\/p>\n","protected":false},"author":1,"featured_media":0,"parent":79,"menu_order":3,"comment_status":"closed","ping_status":"closed","template":"templates\/full-width.php","meta":{"ngg_post_thumbnail":0,"footnotes":""},"class_list":["post-162","page","type-page","status-publish","hentry"],"_links":{"self":[{"href":"https:\/\/atb-heuchelheim.de\/index.php?rest_route=\/wp\/v2\/pages\/162","targetHints":{"allow":["GET"]}}],"collection":[{"href":"https:\/\/atb-heuchelheim.de\/index.php?rest_route=\/wp\/v2\/pages"}],"about":[{"href":"https:\/\/atb-heuchelheim.de\/index.php?rest_route=\/wp\/v2\/types\/page"}],"author":[{"embeddable":true,"href":"https:\/\/atb-heuchelheim.de\/index.php?rest_route=\/wp\/v2\/users\/1"}],"replies":[{"embeddable":true,"href":"https:\/\/atb-heuchelheim.de\/index.php?rest_route=%2Fwp%2Fv2%2Fcomments&post=162"}],"version-history":[{"count":8,"href":"https:\/\/atb-heuchelheim.de\/index.php?rest_route=\/wp\/v2\/pages\/162\/revisions"}],"predecessor-version":[{"id":451,"href":"https:\/\/atb-heuchelheim.de\/index.php?rest_route=\/wp\/v2\/pages\/162\/revisions\/451"}],"up":[{"embeddable":true,"href":"https:\/\/atb-heuchelheim.de\/index.php?rest_route=\/wp\/v2\/pages\/79"}],"wp:attachment":[{"href":"https:\/\/atb-heuchelheim.de\/index.php?rest_route=%2Fwp%2Fv2%2Fmedia&parent=162"}],"curies":[{"name":"wp","href":"https:\/\/api.w.org\/{rel}","templated":true}]}}