{"id":112,"date":"2021-04-25T10:52:33","date_gmt":"2021-04-25T10:52:33","guid":{"rendered":"http:\/\/s522784910.online.de\/?page_id=112"},"modified":"2025-05-19T16:32:22","modified_gmt":"2025-05-19T16:32:22","slug":"leichtathletik","status":"publish","type":"page","link":"https:\/\/atb-heuchelheim.de\/?page_id=112","title":{"rendered":"Leichtathletik"},"content":{"rendered":"\n<h2 class=\"wp-block-heading has-text-color\" style=\"color:#050255\">Trainingszeiten<\/h2>\n\n\n\n<figure class=\"wp-block-table is-style-stripes\"><table><tbody><tr><td>Ort<\/td><td>Oktober-M\u00e4rz       <br>April-Oktober<\/td><td>Mehrzweckhalle <br>Sportplatz<\/td><td>B\u00fcrgerhaus Heuchelheim<br>ATB Vereinsgel\u00e4nde<\/td><\/tr><tr><td>Wochentag<\/td><td>Montag<\/td><td><\/td><td><\/td><\/tr><tr><td>Uhrzeit<\/td><td>Gruppe 1<br>Gruppe 2<br>Gruppe 3<\/td><td>5-7 Jahre<br>8-11 Jahre <br>ab 12 Jahre<\/td><td>16:30-17:30 Uhr                                        <br>17:00-18:00 Uhr<br>18:00-19:00 Uhr         <\/td><\/tr><tr><td>Abteilungsleitung<\/td><td>Jutta Kehl<\/td><td><\/td><td><\/td><\/tr><tr><td>Kontakt<\/td><td>06238 2166<\/td><td><\/td><td><\/td><\/tr><tr><td>\u00dcbungsleiter<\/td><td>Gruppe 1<br>Gruppe 2<br>Gruppe 3<\/td><td>Jutta Kehl<br>Thomas Kehl<br>Thomas Kehl<\/td><td><\/td><\/tr><\/tbody><\/table><\/figure>\n\n\n\n<p>Die Abteilung Leichtathletik entstand kurz nach der Gr\u00fcndung des ATB Heuchelheim im Jahre 1900 mit den Disziplinen Weitsprung, Hochsprung, Steinsto\u00dfen und Stemmen.<\/p>\n\n\n\n<p>Heute kann man eigentlich fast alle leichtathletischen Disziplinen durchf\u00fchren. Im Jahr 2002 wurde die Sch\u00fcler-Leichtathletikgruppe wiederbelebt und freut sich immer auf Zuwachs.<\/p>\n\n\n\n<p>Wir besuchen jedes Jahr einige Sportfeste bei befreundeten Vereinen, z. B. Bergturnfeste beim Turngau.<\/p>\n\n\n\n<p>Seit 1984 veranstalten wir sehr erfolgreich einmal im Sommer unser Jugend- und Aktivensportfest. Au\u00dferdem richten wir seit 2004 immer im September die Internationalen Deutschen Meisterschaften im Schleuderballwurf und Steinstossdreikampf des LSW-Spezialsport aus. Den genauen Termin k\u00f6nnen Sie der Tagespresse entnehmen.<\/p>\n\n\n","protected":false},"excerpt":{"rendered":"<p>Trainingszeiten Ort Oktober-M\u00e4rz April-Oktober Mehrzweckhalle Sportplatz B\u00fcrgerhaus HeuchelheimATB Vereinsgel\u00e4nde Wochentag Montag Uhrzeit Gruppe 1Gruppe 2Gruppe 3 5-7 Jahre8-11 Jahre ab 12 Jahre 16:30-17:30 Uhr 17:00-18:00 Uhr18:00-19:00 Uhr Abteilungsleitung Jutta Kehl Kontakt 06238 2166 \u00dcbungsleiter Gruppe 1Gruppe 2Gruppe 3 Jutta KehlThomas KehlThomas Kehl Die Abteilung Leichtathletik entstand kurz nach der Gr\u00fcndung des ATB Heuchelheim im Jahre&#8230;<\/p>\n","protected":false},"author":1,"featured_media":0,"parent":110,"menu_order":0,"comment_status":"closed","ping_status":"closed","template":"templates\/full-width.php","meta":{"ngg_post_thumbnail":0,"footnotes":""},"class_list":["post-112","page","type-page","status-publish","hentry"],"_links":{"self":[{"href":"https:\/\/atb-heuchelheim.de\/index.php?rest_route=\/wp\/v2\/pages\/112","targetHints":{"allow":["GET"]}}],"collection":[{"href":"https:\/\/atb-heuchelheim.de\/index.php?rest_route=\/wp\/v2\/pages"}],"about":[{"href":"https:\/\/atb-heuchelheim.de\/index.php?rest_route=\/wp\/v2\/types\/page"}],"author":[{"embeddable":true,"href":"https:\/\/atb-heuchelheim.de\/index.php?rest_route=\/wp\/v2\/users\/1"}],"replies":[{"embeddable":true,"href":"https:\/\/atb-heuchelheim.de\/index.php?rest_route=%2Fwp%2Fv2%2Fcomments&post=112"}],"version-history":[{"count":4,"href":"https:\/\/atb-heuchelheim.de\/index.php?rest_route=\/wp\/v2\/pages\/112\/revisions"}],"predecessor-version":[{"id":543,"href":"https:\/\/atb-heuchelheim.de\/index.php?rest_route=\/wp\/v2\/pages\/112\/revisions\/543"}],"up":[{"embeddable":true,"href":"https:\/\/atb-heuchelheim.de\/index.php?rest_route=\/wp\/v2\/pages\/110"}],"wp:attachment":[{"href":"https:\/\/atb-heuchelheim.de\/index.php?rest_route=%2Fwp%2Fv2%2Fmedia&parent=112"}],"curies":[{"name":"wp","href":"https:\/\/api.w.org\/{rel}","templated":true}]}}

<h2 class="wp-block-heading has-text-color" style="color:#050255">Trainingszeiten</h2>



<figure class="wp-block-table is-style-stripes"><table><tbody><tr><td>Ort</td><td>Oktober-März       <br>April-Oktober</td><td>Mehrzweckhalle <br>Sportplatz</td><td>Bürgerhaus Heuchelheim<br>ATB Vereinsgelände</td></tr><tr><td>Wochentag</td><td>Montag</td><td></td><td></td></tr><tr><td>Uhrzeit</td><td>Gruppe 1<br>Gruppe 2<br>Gruppe 3</td><td>5-7 Jahre<br>8-11 Jahre <br>ab 12 Jahre</td><td>16:30-17:30 Uhr                                        <br>17:00-18:00 Uhr<br>18:00-19:00 Uhr         </td></tr><tr><td>Abteilungsleitung</td><td>Jutta Kehl</td><td></td><td></td></tr><tr><td>Kontakt</td><td>06238 2166</td><td></td><td></td></tr><tr><td>Übungsleiter</td><td>Gruppe 1<br>Gruppe 2<br>Gruppe 3</td><td>Jutta Kehl<br>Thomas Kehl<br>Thomas Kehl</td><td></td></tr></tbody></table></figure>



<p>Die Abteilung Leichtathletik entstand kurz nach der Gründung des ATB Heuchelheim im Jahre 1900 mit den Disziplinen Weitsprung, Hochsprung, Steinstoßen und Stemmen.</p>



<p>Heute kann man eigentlich fast alle leichtathletischen Disziplinen durchführen. Im Jahr 2002 wurde die Schüler-Leichtathletikgruppe wiederbelebt und freut sich immer auf Zuwachs.</p>



<p>Wir besuchen jedes Jahr einige Sportfeste bei befreundeten Vereinen, z. B. Bergturnfeste beim Turngau.</p>



<p>Seit 1984 veranstalten wir sehr erfolgreich einmal im Sommer unser Jugend- und Aktivensportfest. Außerdem richten wir seit 2004 immer im September die Internationalen Deutschen Meisterschaften im Schleuderballwurf und Steinstossdreikampf des LSW-Spezialsport aus. Den genauen Termin können Sie der Tagespresse entnehmen.</p>

<p>Trainingszeiten Ort Oktober-März April-Oktober Mehrzweckhalle Sportplatz Bürgerhaus HeuchelheimATB Vereinsgelände Wochentag Montag Uhrzeit Gruppe 1Gruppe 2Gruppe 3 5-7 Jahre8-11 Jahre ab 12 Jahre 16:30-17:30 Uhr 17:00-18:00 Uhr18:00-19:00 Uhr Abteilungsleitung Jutta Kehl Kontakt 06238 2166 Übungsleiter Gruppe 1Gruppe 2Gruppe 3 Jutta KehlThomas KehlThomas Kehl Die Abteilung Leichtathletik entstand kurz nach der Gründung des ATB Heuchelheim im Jahre&#8230;</p>
