{"id":108,"date":"2021-04-25T10:35:07","date_gmt":"2021-04-25T10:35:07","guid":{"rendered":"http:\/\/s522784910.online.de\/?page_id=108"},"modified":"2025-05-19T16:27:17","modified_gmt":"2025-05-19T16:27:17","slug":"eltern-kind-turnen","status":"publish","type":"page","link":"https:\/\/atb-heuchelheim.de\/?page_id=108","title":{"rendered":"Eltern-Kind-Turnen"},"content":{"rendered":"\n<h2 class=\"wp-block-heading has-text-color\" style=\"color:#050255\">Trainingszeiten<\/h2>\n\n\n\n<figure class=\"wp-block-table is-style-stripes\"><table><tbody><tr><td>Ort<\/td><td>Mehrzweckhalle, B\u00fcrgerhaus Heuchelheim<\/td><\/tr><tr><td>Wochentag<\/td><td>Dienstag<\/td><\/tr><tr><td>Uhrzeit<\/td><td>16:30-17:15 Uhr<\/td><\/tr><tr><td>Abteilungsleitung<\/td><td>Jutta Kehl<\/td><\/tr><tr><td>Kontakt<\/td><td>06238 2166<\/td><\/tr><\/tbody><\/table><\/figure>\n\n\n\n<p>Unter dem Motto &#8220;Kinder in Bewegung&#8221; stehen die Kinderturnstunden des ATB Heuchelheim. F\u00fcr die kleineren Kinder von 2 bis 5 Jahre findet das Eltern-Kind-Turnen statt, die Gr\u00f6\u00dferen k\u00f6nnen sich bereits mehr der Leichtathletik widmen.<\/p>\n\n\n\n<figure class=\"wp-block-image size-large\"><img loading=\"lazy\" decoding=\"async\" width=\"724\" height=\"1024\" src=\"https:\/\/atb-heuchelheim.de\/wp-content\/uploads\/2025\/05\/Kinderturnen-ATB-DIN-A4-Aushang-724x1024.jpg\" alt=\"\" class=\"wp-image-538\" srcset=\"https:\/\/atb-heuchelheim.de\/wp-content\/uploads\/2025\/05\/Kinderturnen-ATB-DIN-A4-Aushang-724x1024.jpg 724w, https:\/\/atb-heuchelheim.de\/wp-content\/uploads\/2025\/05\/Kinderturnen-ATB-DIN-A4-Aushang-212x300.jpg 212w, https:\/\/atb-heuchelheim.de\/wp-content\/uploads\/2025\/05\/Kinderturnen-ATB-DIN-A4-Aushang-768x1086.jpg 768w, https:\/\/atb-heuchelheim.de\/wp-content\/uploads\/2025\/05\/Kinderturnen-ATB-DIN-A4-Aushang-1086x1536.jpg 1086w, https:\/\/atb-heuchelheim.de\/wp-content\/uploads\/2025\/05\/Kinderturnen-ATB-DIN-A4-Aushang-300x424.jpg 300w, https:\/\/atb-heuchelheim.de\/wp-content\/uploads\/2025\/05\/Kinderturnen-ATB-DIN-A4-Aushang-850x1202.jpg 850w, https:\/\/atb-heuchelheim.de\/wp-content\/uploads\/2025\/05\/Kinderturnen-ATB-DIN-A4-Aushang.jpg 1240w\" sizes=\"auto, (max-width: 724px) 100vw, 724px\" \/><\/figure>\n","protected":false},"excerpt":{"rendered":"<p>Trainingszeiten Ort Mehrzweckhalle, B\u00fcrgerhaus Heuchelheim Wochentag Dienstag Uhrzeit 16:30-17:15 Uhr Abteilungsleitung Jutta Kehl Kontakt 06238 2166 Unter dem Motto &#8220;Kinder in Bewegung&#8221; stehen die Kinderturnstunden des ATB Heuchelheim. F\u00fcr die kleineren Kinder von 2 bis 5 Jahre findet das Eltern-Kind-Turnen statt, die Gr\u00f6\u00dferen k\u00f6nnen sich bereits mehr der Leichtathletik widmen.<\/p>\n","protected":false},"author":1,"featured_media":0,"parent":57,"menu_order":2,"comment_status":"closed","ping_status":"closed","template":"templates\/full-width.php","meta":{"ngg_post_thumbnail":0,"footnotes":""},"class_list":["post-108","page","type-page","status-publish","hentry"],"_links":{"self":[{"href":"https:\/\/atb-heuchelheim.de\/index.php?rest_route=\/wp\/v2\/pages\/108","targetHints":{"allow":["GET"]}}],"collection":[{"href":"https:\/\/atb-heuchelheim.de\/index.php?rest_route=\/wp\/v2\/pages"}],"about":[{"href":"https:\/\/atb-heuchelheim.de\/index.php?rest_route=\/wp\/v2\/types\/page"}],"author":[{"embeddable":true,"href":"https:\/\/atb-heuchelheim.de\/index.php?rest_route=\/wp\/v2\/users\/1"}],"replies":[{"embeddable":true,"href":"https:\/\/atb-heuchelheim.de\/index.php?rest_route=%2Fwp%2Fv2%2Fcomments&post=108"}],"version-history":[{"count":4,"href":"https:\/\/atb-heuchelheim.de\/index.php?rest_route=\/wp\/v2\/pages\/108\/revisions"}],"predecessor-version":[{"id":539,"href":"https:\/\/atb-heuchelheim.de\/index.php?rest_route=\/wp\/v2\/pages\/108\/revisions\/539"}],"up":[{"embeddable":true,"href":"https:\/\/atb-heuchelheim.de\/index.php?rest_route=\/wp\/v2\/pages\/57"}],"wp:attachment":[{"href":"https:\/\/atb-heuchelheim.de\/index.php?rest_route=%2Fwp%2Fv2%2Fmedia&parent=108"}],"curies":[{"name":"wp","href":"https:\/\/api.w.org\/{rel}","templated":true}]}}